- 2*z + q. Suppose -d + 2*b - 4 = 0, 15*b = -3*d + 18*b. Give o(d).
12
Let g = 88 - 93. Let q(z) = 7*z - 2. Determine q(g).
-37
Let j(q) = -13*q - 4. Let l(x) = 3*x + 1. Let g(p) = -2*j(p) - 9*l(p). Let y(c) = -3*c - 4. Let r(t) = 12*g(t) - 3*y(t). Let k be -5*1/10*-4. Determine r(k).
-6
Let l(h) = -178*h + 18*h**2 + 177*h - 7 + h**3 + 2 - 10. Calculate l(-18).
3
Suppose y + 15 = 6*y. Let w = y + -5. Let p be -2*2*w/8. Let l(q) = q + 1. Calculate l(p).
2
Let z(x) be the third derivative of -x**6/120 - 7*x**5/60 - 7*x**4/24 - 7*x**3/3 + 55*x**2 + 2*x. Give z(-6).
-8
Let y(o) be the third derivative of -13*o**6/720 + o**5/120 - 7*o**4/12 - 26*o**2. Let a(i) be the second derivative of y(i). Let m = 8 + -7. What is a(m)?
-12
Let d(z) = z**2 - z - 1. Let r(f) be the third derivative of f**5/30 - f**4/8 - 31*f**3/6 + 4*f**2 + 2*f. Let n(l) = -3*d(l) + r(l). Determine n(0).
-28
Let n(b) = 2*b - 1. Let h be 3/1*-1*1. Let x(l) = 3*l - 10. Let q(o) = 2. Let f(t) = -4*q(t) - x(t). Let u(d) = h*f(d) - 5*n(d). Determine u(4).
-5
Suppose 76 = -15*b - 134. Let h(i) = -i**3 - 15*i**2 - 13*i + 8. What is h(b)?
-6
Let c(o) be the first derivative of -o**4/4 - o**3/3 - o**2/2 - 66*o - 697. Determine c(0).
-66
Let f be ((-2)/4)/(7/(-42)). Let a be (8/f)/(10/(-15)). Let w be (1 - (-20)/a)/(-2). Let v(n) = -2*n**2 + n + 2. Give v(w).
-4
Let b(n) = n**3 + 3*n**2 - 2*n - 1. Let z = 39 - 62. Let c = z + 19. Determine b(c).
-9
Let g(o) be the first derivative of -o**4/4 + 2*o**3 + 7*o**2/2 - 9*o - 126. What is g(7)?
-9
Let w(p) be the third derivative of p**5/60 - p**4/24 - 35*p**3/6 - 11*p**2 - 9. Calculate w(7).
7
Let b(p) = p + 0*p - 2*p - 6. Let z(x) = -x**2 - 16*x + 5. Let i be z(0). What is b(i)?
-11
Let k(y) be the second derivative of y**4/6 + 2*y**3/3 - 6*y**2 - 15*y. Let o(g) be the first derivative of k(g). What is o(-3)?
-8
Let l be 2/3 + (-4)/(-12). Let m(q) be the third derivative of -q**5/30 - q**3/6 - 46*q**2. Give m(l).
-3
Let d(j) = -2*j - 20. Let x be d(-11). Suppose -x*z - z = 6. Let v(k) = -2*k**2 + 3*k + 1. Give v(z).
-13
Let m(v) be the second derivative of 5*v**3/6 + 31*v**2/2 - 202*v. Calculate m(-5).
6
Let x be 1/(-1)*(-6 - -7). Let r(j) = j**2 + 4*j - 9. Let c(l) = l - 1. Let h(w) = x*r(w) + 2*c(w). Calculate h(-5).
-8
Let g be 2/10*(-85)/(-34)*0. Let b(o) = o + 6. Determine b(g).
6
Let a(h) = 5 + h + 1 - 2 + 1. Suppose -18*n - 276 = 5*n. What is a(n)?
-7
Let w(t) = -2*t**3 + t**2 - t + 1. Let s(f) = 7*f**3 - 4*f**2 + 3*f + 11. Let i(x) = s(x) + 4*w(x). What is i(0)?
15
Let i(o) = 2*o + 2*o + o. Suppose -52 = -4*p + 32. Suppose 18 = 2*m + 2*m + 2*v, 5*m - p = -2*v. Calculate i(m).
15
Let r(t) = -4*t**2 - t. Let y be r(1). Let a be (-5)/(-10)*0/2. Let m(w) = 3*w + 31 - 25 + 0*w + a*w. Give m(y).
-9
Let t(q) be the second derivative of -7*q**3/6 - 3*q**2/2 + 9*q - 13. Calculate t(-1).
4
Let f(q) = -15*q**2 + 1. Let v(p) = 2*p - 54. Let s be v(0). Let z = 53 + s. Give f(z).
-14
Let h(a) = a**3 - 8*a**2 - 9*a - 3. Let r(q) = -20*q - 31. Let w be r(-2). Determine h(w).
-3
Suppose 19*a = 24*a - 25. Let w(l) = 2*l + 2. What is w(a)?
12
Let b be 5 + (6 - 2)/(-2). Suppose -b = -3*q - 18. Let a(h) = 315*h**2 - h**3 + 0*h**3 + h - 320*h**2 - 7. Give a(q).
-12
Let r be 0 - (-702)/24 - 1/4. Let b(u) = u**3 - 29*u**2 + 2*u - 59. What is b(r)?
-1
Let k(h) = h**2 + h - 3. Let c = 17 + -4. Let g be c/2 - (-1)/2. Suppose -b = -g*b. What is k(b)?
-3
Let j(m) = m**2 - m + 1. Suppose -4*h = -7*h + 36. Let n(z) = -3*z - 2*z**2 - 4 - 9*z**2 + h*z**2 - 2*z. Let f be n(6). Determine j(f).
3
Let r(w) be the first derivative of -4*w**3/3 + w**2/2 + 2*w + 257. What is r(-2)?
-16
Let v be 344/4*(-2)/4. Let g = v + 45. Let a(p) = p**2 + 7. Let m(i) = 3. Let n(d) = -2*a(d) + 5*m(d). Calculate n(g).
-7
Let k be 94/10 - (-4)/(-10). Suppose -w = 2*w + k. Let c(m) = -m**2 + m - 1. Let s(y) = -y**2 + 4*y - 3. Let l(j) = -3*c(j) + s(j). Calculate l(w).
15
Let i(o) = -o**3 - 7*o**2 - 10*o - 11. Let r = 926 - 932. Calculate i(r).
13
Let t(w) = -7*w**3 + w**2 + 4*w + 10. Let l(k) = 2*k**3 + k**2 + k. Let h(y) = -3*l(y) - t(y). Give h(5).
-20
Let a be (28/(-20))/(3 - (-48)/(-15)). Let z be (a - 9) + 3*-1. Let s(t) = -t - 7. Give s(z).
-2
Let m(x) = -2*x + 4. Suppose 14*i + 14*i = 56. Calculate m(i).
0
Let b(p) = 30*p**2 - 3 - 125*p + 4 + 125*p. Determine b(-1).
31
Suppose -5 = -3*z + 1. Let g(i) be the first derivative of 3*i**3 - 7 - z*i**3 - i**2 + 2*i - 4*i. What is g(2)?
6
Let d(w) = -2*w**2 - 6*w - 7. Let u(k) = 3*k**2 + 12*k + 13. Let o(i) = 5*d(i) + 3*u(i). Give o(8).
-12
Let h(d) = d**2 - 8*d + 10. Let l be h(4). Let s = l - -10. Let n(y) = -y - 3*y + 0 + 6 - 3. Give n(s).
-13
Suppose -w = -2*l + 11, 4*w = -3*l - 0*w + 33. Let d(x) = -x + 8*x - l + 9 - x**2. Determine d(5).
12
Let d(l) = -5*l**2 - 5*l + 10. Let y(h) = -6*h**2 - 5*h + 13. Let g(s) = -7*d(s) + 6*y(s). What is g(7)?
-6
Let g(h) be the second derivative of 4*h**3/3 - h**2/2 + 486*h. Give g(-2).
-17
Let i(f) = -6*f + 4. Let a(n) = -5*n + 3. Let u(q) = 7*a(q) - 6*i(q). Suppose -3*k - 20 = 2*k. Determine u(k).
-7
Let m(n) = n - 3. Suppose 17 = -5*t + 2, 5*q - t = -122. Let r = -15 - q. Suppose -4*k + r = 3*u - 1, u = 3*k - 18. Calculate m(k).
2
Let g(d) be the third derivative of -d**5/60 - d**4/4 + d**3/6 + 47*d**2. Give g(-5).
6
Let w(m) = -m**3 + 6*m**2 - 3*m - 8. Let c be w(3). Let q(x) = -x**3 + 9*x**2 + 10*x + 9. Calculate q(c).
9
Suppose -2*g + 3 = -g + 2*u, 5*g = -u + 33. Let d(v) be the first derivative of -v**2 + v + 1334. Determine d(g).
-13
Suppose 0 = 21*o - 27*o - 24. Let c(k) = k**2 + 4*k + 3. Determine c(o).
3
Suppose 2*u + 1 - 31 = 0. Let f(g) = 12*g + 1 - u*g + 6*g. What is f(-2)?
-5
Let z(k) = -64 - 7*k + 34 - 2*k + 29. What is z(1)?
-10
Suppose -4*p - 10 - 626 = 0. Let o = -162 - p. Let j(s) = 2*s**2 - 1 - 1 + s**3 - s**2 - 3*s. What is j(o)?
-11
Let d(h) be the second derivative of -h**2 + 1/20*h**5 + 1/6*h**3 + 2*h + 0 + 1/3*h**4. Calculate d(-4).
-6
Suppose 4*i - 3 = 9. Suppose 8 = -4*r + p, 0 = 2*r - r + p - i. Let z(v) = 17 + 3*v - 17. Determine z(r).
-3
Let i(m) = -m**3 - 4*m**2 - 6*m - 6. Let t be i(-3). Let a(q) be the first derivative of 1/2*q**2 + 8*q + t. Determine a(-6).
2
Let v = -109 - -117. Let x(f) = -9*f**2 - 16*f + 19. Let t(d) = -5*d**2 - 8*d + 10. Let y(m) = 11*t(m) - 6*x(m). Give y(v).
-4
Let d(x) = 223*x + 4 + 3 + x**2 - 216*x. What is d(-6)?
1
Let r be 11/2 - 1/(-2). Let x(u) = 12*u - 60*u - 59*u + 108*u. Determine x(r).
6
Let l(d) = -9*d**3 + 1. Suppose 14*q + 3*m = 10*q + 299, 0 = -4*q - 5*m + 301. Let f = q - 75. Determine l(f).
10
Let i(q) be the first derivative of q**4/4 + 5*q**3 - q**2 - 9*q + 38. Determine i(-15).
21
Let z(o) = -o**3 + 7*o**2 + 6*o + 17. Let d be z(8). Let c(s) be the first derivative of 4*s**3/3 + s**2 - s + 2. Give c(d).
5
Let w be -2*(253/(-66) - 2/3). Let h(a) be the first derivative of -5 - 1/2*a**2 + w*a. What is h(4)?
5
Suppose 4*y - 37 = -5*i, 3*y + 6 - 35 = -4*i. Let h(w) = -w**2 + 2*w + 11. Calculate h(i).
-4
Let v(d) = 6*d**2 + 8*d**2 - 6 + 3*d - 13*d**2. Suppose -h + 2*p + 5 = 0, 2*h + 3 + 12 = -p. Calculate v(h).
4
Let i(y) be the third derivative of -y**6/120 - y**5/60 + y**4/24 + 8*y**3/3 - 189*y**2. What is i(0)?
16
Let l(v) = 1. Let r(q) = 2*q - 5. Let o(z) = -5*l(z) - r(z). Let x(t) = 6*t + 3. Let s be x(-1). Let a(y) = -y**2 - 5*y - 7. Let g be a(s). Give o(g).
2
Let i(l) = -4*l**2 + 2957*l - 3 + 0*l**3 - l**3 - 2961*l. Determine i(-4).
13
Let l be (64/176)/((-10)/(-55)). Let s(t) be the third derivative of 1/6*t**3 + 0*t + 0 - t**l + 3/8*t**4. Calculate s(-1).
-8
Let n = -13 - -11. Let p be -2 + 6/15 + n/5. Let m(x) = -2*x**2 + 2. What is m(p)?
-6
Let p(n) = -8*n + 4. Let k be p(-3). Suppose 2*h - k = q + 29, -5*h - q + 125 = 0. Let w = 29 - h. Let b(x) = x**2 - 4*x + 2. Calculate b(w).
-1
Let x(u) be the third derivative of -u**4/8 - 5*u**3/3 - 166*u**2. Calculate x(-5).
5
Let y(a) = a**3 - a**2 - a + 6. Suppose c - 29 = 6. Let g = -35 + c. Determine y(g).
6
Let x(t) be the second derivative of -t**5/20 + 2*t**4/3 - 4*t**3/3 + 2*t**2 + t. Let n(d) = -71*d + 3060. Let a be n(43). What is x(a)?
-3
Let b(c) be the second derivative of 1/3*c**3 - 1/12*c**4 + c - 3/2*c**2 + 0. Calculate b(3).
-6
Let f(q) = -q**2 - 9*q. Let i b